{"id":37,"date":"2018-11-17T12:42:32","date_gmt":"2018-11-17T11:42:32","guid":{"rendered":"https:\/\/zeidlers-bistro.de\/?page_id=37"},"modified":"2026-01-18T18:34:02","modified_gmt":"2026-01-18T17:34:02","slug":"startseite","status":"publish","type":"page","link":"https:\/\/zeidlers-bistro.de\/","title":{"rendered":"Willkommen bei Zeidler&#8217;s am Markt"},"content":{"rendered":"\n<div class=\"wp-block-group\"><div class=\"wp-block-group__inner-container is-layout-constrained wp-block-group-is-layout-constrained\"><\/div><\/div>\n\n\n\n<h5 class=\"wp-block-heading\">Ausleihen &#8211; Genie\u00dfen &#8211; Zur\u00fcckgeben<\/h5>\n\n\n\n<p class=\"has-text-align-left\">Sie haben bei uns die M\u00f6glichkeit Ihre Gerichte zur Mitnahme in der <strong>REBOWL Mehrwegschale<\/strong><strong> <\/strong>zu bestellen!<\/p>\n\n\n\n<h6 class=\"wp-block-heading\">So funktioniert es:<\/h6>\n\n\n\n<p class=\"has-text-align-left\">Bei der Bestellung das Gericht in der REBOWL Mehrwegschale bestellen<\/p>\n\n\n\n<p class=\"has-text-align-left\"><strong><strong>5\u20ac Pfand pro REBOWL<\/strong>&nbsp;Mehrwegschale hinterlegen<\/strong><\/p>\n\n\n\n<p class=\"has-text-align-left\">Das bestellte Gericht Zuhause, am Arbeitsplatz oder unterwegs genie\u00dfen<\/p>\n\n\n\n<p class=\"has-text-align-left\"><strong>5\u20ac Pfand pro REBOWL&nbsp;<\/strong>Mehrwegschale zur\u00fcckbekommen<\/p>\n\n\n\n<p class=\"has-text-align-left\">Die REBOWL Mehrwegschale bei uns oder einem anderen REBOWL-Partner zur\u00fcckgeben<\/p>\n\n\n<div class=\"wp-block-image\">\n<figure class=\"aligncenter size-large is-resized\"><a href=\"https:\/\/recup.de\/\"><img loading=\"lazy\" decoding=\"async\" width=\"1024\" height=\"409\" src=\"https:\/\/zeidlers-bistro.de\/wp-content\/uploads\/RECUPxREBOWL_logo_black-1024x409.png\" alt=\"\" class=\"wp-image-317\" style=\"width:426px;height:auto\" srcset=\"https:\/\/zeidlers-bistro.de\/wp-content\/uploads\/RECUPxREBOWL_logo_black-1024x409.png 1024w, https:\/\/zeidlers-bistro.de\/wp-content\/uploads\/RECUPxREBOWL_logo_black-300x120.png 300w, https:\/\/zeidlers-bistro.de\/wp-content\/uploads\/RECUPxREBOWL_logo_black-768x307.png 768w, https:\/\/zeidlers-bistro.de\/wp-content\/uploads\/RECUPxREBOWL_logo_black-1536x614.png 1536w, https:\/\/zeidlers-bistro.de\/wp-content\/uploads\/RECUPxREBOWL_logo_black-2048x819.png 2048w, https:\/\/zeidlers-bistro.de\/wp-content\/uploads\/RECUPxREBOWL_logo_black-250x100.png 250w\" sizes=\"auto, (max-width: 1024px) 100vw, 1024px\" \/><\/a><\/figure>\n<\/div>\n\n\n<p><\/p>\n\n\n\n<figure class=\"wp-block-image size-large\"><img loading=\"lazy\" decoding=\"async\" width=\"1024\" height=\"682\" src=\"https:\/\/zeidlers-bistro.de\/wp-content\/uploads\/recup_de_23-1024x682.jpg\" alt=\"\" class=\"wp-image-318\" srcset=\"https:\/\/zeidlers-bistro.de\/wp-content\/uploads\/recup_de_23-1024x682.jpg 1024w, https:\/\/zeidlers-bistro.de\/wp-content\/uploads\/recup_de_23-300x200.jpg 300w, https:\/\/zeidlers-bistro.de\/wp-content\/uploads\/recup_de_23-768x512.jpg 768w, https:\/\/zeidlers-bistro.de\/wp-content\/uploads\/recup_de_23-150x100.jpg 150w, https:\/\/zeidlers-bistro.de\/wp-content\/uploads\/recup_de_23.jpg 1280w\" sizes=\"auto, (max-width: 1024px) 100vw, 1024px\" \/><\/figure>\n\n\n\n<h5 class=\"wp-block-heading\"><strong>Unsere Firmenphilosophie<\/strong><\/h5>\n\n\n\n<p>Nach dem Motto &#8222;FRISCH, SCHNELL, LECKER!&#8220; bereiten wir Ihnen t\u00e4glich ein abwechslungsreiches Angebot an Speisen zu. Dabei lege ich gr\u00f6\u00dften Wert auf die Qualit\u00e4t der Lebensmittel und deren m\u00f6glichst schonende Verarbeitung ohne Verwendung von Geschmacksverst\u00e4rkern und anderen Zusatzstoffen. Ein weiteres Augenmerk lege ich auf eine rasche und freundliche Erf\u00fcllung individueller Kundenw\u00fcnsche, egal ob sie sich Ihr Essen zum Mitnehmen verpacken lassen oder Ihre Pause bei uns im Bistro verbringen.<\/p>\n","protected":false},"excerpt":{"rendered":"<p>Ausleihen &#8211; Genie\u00dfen &#8211; Zur\u00fcckgeben Sie haben bei uns die M\u00f6glichkeit Ihre Gerichte zur Mitnahme in der REBOWL Mehrwegschale zu bestellen! So funktioniert es: Bei der Bestellung das Gericht in der REBOWL Mehrwegschale bestellen 5\u20ac Pfand pro REBOWL&nbsp;Mehrwegschale hinterlegen Das bestellte Gericht Zuhause, am Arbeitsplatz oder unterwegs genie\u00dfen 5\u20ac Pfand pro REBOWL&nbsp;Mehrwegschale zur\u00fcckbekommen Die REBOWL [&hellip;]<\/p>\n","protected":false},"author":1,"featured_media":113,"parent":0,"menu_order":0,"comment_status":"closed","ping_status":"closed","template":"","meta":{"footnotes":""},"class_list":["post-37","page","type-page","status-publish","has-post-thumbnail","hentry"],"_links":{"self":[{"href":"https:\/\/zeidlers-bistro.de\/index.php?rest_route=\/wp\/v2\/pages\/37","targetHints":{"allow":["GET"]}}],"collection":[{"href":"https:\/\/zeidlers-bistro.de\/index.php?rest_route=\/wp\/v2\/pages"}],"about":[{"href":"https:\/\/zeidlers-bistro.de\/index.php?rest_route=\/wp\/v2\/types\/page"}],"author":[{"embeddable":true,"href":"https:\/\/zeidlers-bistro.de\/index.php?rest_route=\/wp\/v2\/users\/1"}],"replies":[{"embeddable":true,"href":"https:\/\/zeidlers-bistro.de\/index.php?rest_route=%2Fwp%2Fv2%2Fcomments&post=37"}],"version-history":[{"count":57,"href":"https:\/\/zeidlers-bistro.de\/index.php?rest_route=\/wp\/v2\/pages\/37\/revisions"}],"predecessor-version":[{"id":341,"href":"https:\/\/zeidlers-bistro.de\/index.php?rest_route=\/wp\/v2\/pages\/37\/revisions\/341"}],"wp:featuredmedia":[{"embeddable":true,"href":"https:\/\/zeidlers-bistro.de\/index.php?rest_route=\/wp\/v2\/media\/113"}],"wp:attachment":[{"href":"https:\/\/zeidlers-bistro.de\/index.php?rest_route=%2Fwp%2Fv2%2Fmedia&parent=37"}],"curies":[{"name":"wp","href":"https:\/\/api.w.org\/{rel}","templated":true}]}}